0 = b. Let r(y) = 11*y**2 - 1. Determine r(x).
10
Let z(j) = 4*j - 4*j + 2*j - 9 - 7*j. Let o(v) = -v**3 + 10*v**2 - v + 7. Let l be o(10). Let a be z(l). Let q(n) = -n + 1. Calculate q(a).
-5
Let q(o) = -o**3 - 2*o**3 + 2*o**3. Let t = 272 - 272. Calculate q(t).
0
Let l be (-1)/2*(-14)/(-1). Let z(s) be the third derivative of -s**6/120 - 7*s**5/60 - s**4/8 + s**3 + 110*s**2. Give z(l).
27
Let n(s) = 2*s**2 - s - 12. Let v(c) = 2*c**2 - 2*c - 14. Let a(b) = -3*n(b) + 2*v(b). Give a(-3).
-7
Let s be ((-16)/12)/(8/(-84)). Let b(o) = -2*o**2 + 27*o + 13. Let y be b(s). Let l(r) = 9*r + 1. What is l(y)?
-8
Let l(p) = -p**2 - 10. Let t(i) = -1. Let b(x) = 2*l(x) - 22*t(x). Let u(q) be the first derivative of b(q). Suppose 0 = f - 0*z + z - 7, -2*z = -10. Give u(f).
-8
Let u(s) be the second derivative of -s**4/12 - s**3/6 + 7*s + 2. Calculate u(-3).
-6
Let n(l) = l**2 + 16*l - 18. Let a be n(-18). Let x be (-6)/21 - a/(-63). Let r(u) = u**2 + u - 7. Determine r(x).
-7
Let m(a) = a - 4. Suppose -46 = -7*h - 11. Let r be (-2 + -2)*h/((-40)/6). Calculate m(r).
-1
Let j = 47 + -27. Suppose 0 = 3*v + 8 - j. Suppose v*p - 1 = 3*p. Let q(g) = -g**3 + g**2 + g - 1. Calculate q(p).
0
Let v(y) = 2*y - 1. Let d(c) = c**2 + 17*c - 29. Let s(a) = -d(a) + v(a). Give s(-17).
-6
Let p(s) be the third derivative of s**7/2520 + s**6/360 + 29*s**5/60 - 17*s**2. Let n(r) be the third derivative of p(r). What is n(-5)?
-8
Let n(c) = c**2 - 4*c. Let a(p) = -5*p + 6. Let t be a(6). Let l = t - -41. Suppose -4*h + 2*m + 16 = -8, 0 = -3*h + m + l. Calculate n(h).
5
Let d(f) = f + 9 + 26*f**2 - 27*f**2 - 8*f. Let q be d(-8). Let y(t) be the second derivative of -t**5/4 + t**4/12 - t**3/6 - 2*t. Determine y(q).
-5
Suppose 7*p - 15 + 64 = 0. Let q(c) = -5*c - 15. Calculate q(p).
20
Let s(q) = -q**2 - 6*q - 8. Suppose 0 = -6*c - 91 + 271. Suppose -c = 11*u - 6*u. What is s(u)?
-8
Let z = 139 + -139. Let b(m) = 10*m - 43. Let w(a) = -31*a + 128. Let y(j) = 8*b(j) + 3*w(j). Let l(d) = -3*d + 10. Let s(u) = -9*l(u) + 2*y(u). Determine s(z).
-10
Let v(j) = -2 - 15*j - 5*j**3 + 1379*j**2 - 1369*j**2 + 4*j**3. Calculate v(8).
6
Let h(l) = 2*l - 3. Let q(c) = -c**2 + 20*c - 12. Suppose -31*p = -34*p + 57. Let i be q(p). Calculate h(i).
11
Let g(h) be the third derivative of -h**6/120 - h**5/20 - h**4/12 - h**3/6 - 17*h**2. Suppose 3*r - b - 2*b = -3, 3*r = 5*b + 1. Calculate g(r).
5
Let f = 162 + -165. Let o(s) = -6*s**2 + 4*s + 4. Determine o(f).
-62
Suppose 7 + 9 = 4*q. Let y = q - 2. Let m(g) = -5*g + 3. Let c(j) = 11*j - 7. Let b(a) = 2*c(a) + 5*m(a). Give b(y).
-5
Let g(n) = n - 4. Suppose 0 = -251*h + 245*h + 48. Determine g(h).
4
Suppose -9 = 3*g + 4*r, -2*g + 7*g + 5*r = -10. Let c(l) = 2*l**2 - l + 1. Determine c(g).
2
Let q = 144 - 144. Suppose -2*l + 6*l = -d + 14, q = 5*d - 3*l - 24. Let h(a) = a**2 - 6*a + 6. Determine h(d).
6
Let r(k) = -5*k + 2*k + 5*k + 5 - 1. Suppose -5*j + 2 = 22. Let y = -9 - j. Calculate r(y).
-6
Let p(v) = 3*v - 6. Let w = -12 + 16. Let f = w - 19. Let x = f + 19. Give p(x).
6
Let k(f) = f**3 - 5*f**2 - 7*f + 3. Let b be 684/(-117) + 6 - (-152)/26. Determine k(b).
-3
Let z(o) = 3*o**3 + 33*o**2 - 12*o - 3. Let p(s) = s**3 + 15*s**2 - 6*s - 1. Let x(u) = -5*p(u) + 2*z(u). Calculate x(8).
-17
Let a be (1 - 0) + 3 + -3. Let f(l) = 0*l**2 + 5*l**2 - a + 425*l**3 - 424*l**3 + 3*l. What is f(-4)?
3
Let k(j) = j**3 + 2*j**2 + 3*j + 2. Let o be ((-5 + 1)/(-4))/(0 - -1). Let z be (10/(-15))/o - (-8)/(-6). Determine k(z).
-4
Let n(z) = -2*z - 4. Let c be n(-3). Let s be c + (-4)/(8/10). Let r(f) = -3*f + 92*f**2 + 1 - 60*f**2 - 34*f**2. Determine r(s).
-8
Let g(q) be the first derivative of -11*q**2/2 + 2*q + 6. Let x = 809 - 807. Give g(x).
-20
Let c(r) = -4*r**3 + 4*r**2 + 25*r + 12. Let b(p) = -3*p**3 + 3*p**2 + 20*p + 11. Let m(l) = 5*b(l) - 4*c(l). Give m(0).
7
Let p(z) be the first derivative of 2*z**3/3 + 2*z**2 - z + 473. Give p(-5).
29
Let j be -7 + 3 - -6 - 0. Suppose -3*c - g + 10 = 0, c + j*c - 8 = g. Let y(p) = -p**3 + 3*p**2 + 3*p - 4. Calculate y(c).
5
Suppose 1388*i - 1394*i = 66. Let q(g) = g**2 + 9*g - 22. Calculate q(i).
0
Let p(y) be the third derivative of 0 - 1/60*y**5 + 0*y**3 + 0*y + 2*y**2 - 1/8*y**4. Let d(i) = -i**2 + 6*i + 5. Let w be d(7). Give p(w).
2
Let d = 0 + 5. Let w(i) be the second derivative of i**5/20 - i**4/3 - 7*i**3/6 + 3*i**2 - 118*i. Calculate w(d).
-4
Let l(z) = 0 - 3*z + 7*z**2 + 20*z**3 - 1 + 8 + z. Let b(d) = 30*d**3 + 11*d**2 - 3*d + 11. Let j(o) = 5*b(o) - 8*l(o). Determine j(1).
-11
Let q be 2 + (1 - 4)/(-3). Let h(b) = 0*b - b**2 - b**3 + 3*b + q - 2 - 2*b. Let d(z) = 5*z**3 + 12*z**2 - 4*z - 7. Let t(l) = d(l) + 6*h(l). Determine t(6).
11
Let m = -47 - -83. Let b = 42 - m. Let c(o) = -2*o + 8. Give c(b).
-4
Let k(f) = 11*f - 1. Let h = -5 + 5. Let a(l) = l**3 + l**2 - l + 2. Let r be a(h). Suppose v - 3 = 0, q - r*q - 5*v + 16 = 0. Give k(q).
10
Let d(y) = -y**3 - 7*y**2 + 6*y - 11. Let m be (-12)/(-10)*(-120)/18. Let x = m + 0. Determine d(x).
5
Let z = 568 + -566. Let o(m) = -3*m**3 - 2*m + 2. Give o(z).
-26
Let o(d) = d**3 - 8*d**2 + 8*d + 9. Let p = -849 + 856. Give o(p).
16
Let n be ((-372)/(-9))/((-2)/(-3)). Let i = n - 62. Let b(l) = -l**3 + l - 10. What is b(i)?
-10
Let a(g) = g**3 - 7*g**2 + 3*g - 2. Suppose -u = -5*x - 12 + 3, -3*u - 2*x + 10 = 0. Determine a(u).
-38
Suppose -31*m - 35 = -26*m. Let p(k) = -3*k**2 + 4*k. Let d(j) = 5*j**2 - 9*j - 1. Let n(g) = 4*d(g) + 7*p(g). Determine n(m).
3
Let o(r) = -r + 11. Let u be o(6). Suppose 3*q + 4 = -4*w - 3, -5*q = u*w + 10. Let p(x) = -6*x + 1. Determine p(w).
7
Let v(o) be the second derivative of -1/24*o**4 + 13*o + 1/2*o**3 + 0 - 13/2*o**2. Let y(u) be the first derivative of v(u). Determine y(3).
0
Let d(i) = -i**3 + 21*i**2 - 4*i + 81. Let q be d(21). Let u(b) = -4*b**2 - 10*b. Calculate u(q).
-6
Let j be (1 + -1*1)/2. Let h be (-10)/(-1)*8/40. Let t(m) = m - m - 7194 - m**h + 7198. What is t(j)?
4
Let o(a) be the third derivative of -a**6/120 - 2*a**5/15 - a**4/3 + a**3/2 + 34*a**2 - 3. What is o(-6)?
-21
Let i be (5/40*0)/(1*-1). Suppose 13*z + 0*z - 13 = i. Let j(q) = -17*q**3 - q + 1. Calculate j(z).
-17
Suppose 39*j + 102 = 22*j. Let y(x) = x**3 + 5*x**2 - 7*x + 2. Determine y(j).
8
Let v(c) be the first derivative of -c**4/4 - 14*c**3/3 + 7*c**2 - 12*c - 98. Determine v(-15).
3
Let o(c) = 27*c + 5. Suppose -t + 14 = t. Let n(m) = 14*m + 2. Let v(q) = t*n(q) - 3*o(q). Let g(w) = 13*w + 144. Let j be g(-11). Calculate v(j).
16
Let s(b) be the second derivative of -b**6/360 + 3*b**5/40 - b**4/12 - b**3/3 - 11*b. Let q(o) be the second derivative of s(o). Give q(8).
6
Let p(j) = -4*j**3 - 2*j**2 - 50*j + 7. Let b(a) = a**3 + a**2 + 9*a. Let g(m) = 5*b(m) + p(m). Give g(-4).
11
Let q(h) be the third derivative of 0 - 1/60*h**6 - 1/3*h**3 - 1/12*h**4 - 1/20*h**5 + 0*h - 27*h**2. Calculate q(-2).
6
Suppose 10 + 2 = -3*i. Let z(l) = 2*l**2 - 4*l**2 - 6 - 2*l**2 + 3*l**2 - 7*l. Determine z(i).
6
Let v(k) = k**2 + 3*k + 8. Let m be v(-7). Let p = -11 + m. Suppose -5*z - 5*q = p, 8 = -5*q - 17. Let a(j) = -j + 4. Calculate a(z).
4
Let x(c) be the second derivative of -c**4/6 + c**3/2 + 5*c. What is x(2)?
-2
Suppose -c + 2*d - 3*d + 4 = 0, -5*d = 4*c - 18. Let u(l) = -5*l**c + 5*l - 7 - l**2 + 2 + 5*l**2. What is u(5)?
-5
Let w(l) be the first derivative of 19*l**4/4 + l**3/3 - l - 661. What is w(1)?
19
Suppose -4*v = 5*z + 84 + 38, z + 31 = -3*v. Let q = z - -16. Let g(k) = -k**2 - 5*k + 7. Give g(q).
1
Let r(b) = -2*b**2 + 3*b + 2. Let p = 3 + 1. Suppose x = -3*h, p*x + 9 + 4 = h. Let n be 1/x*(6 - 0). Determine r(n).
-12
Let c = -23 - -22. Let d be (c + (-3)/(-6))*-10. Let j(h) = 2*h + 4. What is j(d)?
14
Let m(l) = l**2 - 7*l + 8. Let y be m(6). Let k(b) = 3*b**3 + 2*b**3 + 3*b - 2*b**3 + 2*b**y - 4*b**3 + 3. Determine k(-2).
13
Let d be 2/(-10) + 42/(-15). Let z(c) = 6*c + c + 1 - 2*c - 2*c. Determine z(d).
-8
Let a(x) = -x**3 - 3*x**2 + 5*x - 1. Let t = 29 - 26. Suppose -t*m - 17 = -5. Determine a(m).
-5
Let b be -47 + 46 - (1 + -2 - 3). Let p(a) = -b*a - 28 + 15 + 4*a + 15. Let v be 57/12 - 2/(-8). Calculate p(v).
7
Let d be 2 - (-3)/(12/(-212)). Let t = 45 + d. Let h(l) be the second derivative of -l**3/2 - 2*l**2 + l. Determine h(t)